{"id":923,"date":"2022-11-27T13:15:04","date_gmt":"2022-11-27T12:15:04","guid":{"rendered":"https:\/\/www.mfgf.at\/NewMfgf\/?page_id=923"},"modified":"2026-01-23T12:51:59","modified_gmt":"2026-01-23T11:51:59","slug":"chronik","status":"publish","type":"page","link":"https:\/\/www.mfgf.at\/NewMfgf\/chronik\/","title":{"rendered":"Chronik"},"content":{"rendered":"\t\t<div data-elementor-type=\"wp-page\" data-elementor-id=\"923\" class=\"elementor elementor-923\" data-elementor-post-type=\"page\">\n\t\t\t\t\t\t<section class=\"elementor-section elementor-top-section elementor-element elementor-element-1d7b8c4 elementor-section-boxed elementor-section-height-default elementor-section-height-default\" data-id=\"1d7b8c4\" data-element_type=\"section\" data-e-type=\"section\">\n\t\t\t\t\t\t<div class=\"elementor-container elementor-column-gap-default\">\n\t\t\t\t\t<div class=\"elementor-column elementor-col-100 elementor-top-column elementor-element elementor-element-88a762e\" data-id=\"88a762e\" data-element_type=\"column\" data-e-type=\"column\">\n\t\t\t<div class=\"elementor-widget-wrap elementor-element-populated\">\n\t\t\t\t\t\t<div class=\"elementor-element elementor-element-53b2ad4 elementor-widget elementor-widget-text-editor\" data-id=\"53b2ad4\" data-element_type=\"widget\" data-e-type=\"widget\" data-widget_type=\"text-editor.default\">\n\t\t\t\t<div class=\"elementor-widget-container\">\n\t\t\t\t\t\t\t\t\t<p style=\"font-weight: 400;\"><strong><u>Chronik\u00a0\u00a0der\u00a0\u00a0Modellfluggruppe Feistritz\/Drau<\/u><\/strong><\/p><p style=\"font-weight: 400;\">Gegr\u00fcndet im Jahre 1958 von den ersten Feistritzer Modellfliegern Taxer Fritz, Freudenberger Gustl, Nachbargauer Karl und Riepl Ernst.<\/p><p style=\"text-align: center; padding-left: 40px;\"><strong>1968\u00a0<\/strong>Aufbau der Jugendgruppe f\u00fcr Freiflug<\/p><p style=\"text-align: center; padding-left: 40px;\"><strong>1971<\/strong>\u00a0eigener Modellflugplatz angemietet auf heutigem Areal<\/p><p style=\"text-align: center; padding-left: 40px;\"><strong>1978<\/strong>\u00a0Anmeldung beim OEMV mit ca. 10 Mitgliedern. Obmann war Taxer Fritz.Zu dieser Zeit wurden bereits erfolgreich nationale Wettbewerbe geflogen.<\/p><p style=\"text-align: center; padding-left: 40px;\"><strong>1982<\/strong>\u00a0Modellbauausstellung im Gemeinschaftshaus Feistritz \/ Drau.<\/p><p style=\"text-align: center; padding-left: 40px;\">Die erste Vereinsh\u00fctte wurde im Jahre 1986 von Fr. Fradl Brigitte angeschaft. Damals hatte der beim Altbauer Korner angemietete Flugplatz eine Gr\u00f6\u00dfe von ca. 2000m\u00b2. Die Vereinsh\u00fctte wurde 1989 f\u00fcr den neuen Rasenm\u00e4hertraktor ausgebaut. Im selben Jahr ist eine Vereinsschleppmaschine vom Obmann Schwager Heinz angeschafft worden.<\/p><p style=\"text-align: center; padding-left: 40px;\"><strong>1990<\/strong>\u00a0wurde der Platz auf die heutige Gr\u00f6\u00dfe von 10500 m\u00b2 adaptiert.<\/p><p style=\"text-align: center; padding-left: 40px;\"><strong>1992\u00a0<\/strong>Gr\u00fcndung des Vereins der Modellbaugruppe Feistritz \/ Drau und Anmeldung bei der BH Villach.<\/p><p style=\"text-align: center; padding-left: 40px;\"><strong>2004<\/strong>\u00a0Der Platz bekam die offizielle Widmung als Modellflugplatz sowie eine Naturrechtliche Bewilligung, weiters konnte ein 5 Jahres-Mietvertrag mit dem Eigent\u00fcmer Mag. G\u00fcnter Mitterer abgeschlossen werden. Drei Schulflugzeige wurden angeschafft, um auch Anf\u00e4ngern eine Flugm\u00f6glichkeit zu geben. Lehrer-Sch\u00fcler Betrieb m\u00f6glich.<\/p><p style=\"text-align: center; padding-left: 40px;\"><strong>2008<\/strong>\u00a0wurde die durch Schneebruch besch\u00e4digte Vereinsh\u00fctte durch 2 Container ersetzt und modernisiert. Ein zweites Vorbereitungspult sowie ein Sicherheitszaun wurden errichtet.<\/p><p style=\"text-align: center; padding-left: 40px;\"><strong>2009<\/strong>\u00a0Auftritt im Internet mit eigener Homepage &#8220; www.mfgf.at&#8220; durch Webadmin Adi Pierer<\/p><p style=\"text-align: center; padding-left: 40px;\"><strong>2011<\/strong>\u00a0Anbau eines Lagercontainers mit \u00dcberdachung und Montage einer Photovoltaikanlage mit Ladestation. Eine Web-Cam wurde installiert und ein gro\u00dfer Grill angeschafft.<\/p><p style=\"text-align: center; padding-left: 40px;\"><strong>2012<\/strong>\u00a0Erweiterung der Photovoltaik um 5 m\u00b2 und st\u00e4rkerer DC-AC Wandler installiert. Aufenthaltsraum wurde winterfest gemacht, Rolltor eingebaut, Chemie-WC angekauft, Solarbeleuchtung um Container installiert. Gr\u00f6\u00dfte Modellbauausstellung mit Kameringer Helipiloten\u00a0 im G\u00f6tzstadel Paternion veranstaltet. Hallenflug in der HS Feistritz\/Drau m\u00f6glich. Unser \u00e4ltestes Gr\u00fcndungsmitglied , Herr Riepl Ernst ist im Alter von 90 Jahren verstorben.<\/p><p style=\"text-align: center; padding-left: 40px;\"><strong>2015<\/strong>\u00a0Ankauf eines neuen Lagercontainers f\u00fcr Modellflieger-Hangar.<\/p><p style=\"text-align: center; padding-left: 40px;\">Abhalten des 1.RC-E7 Nationaler Wettbewerb Drautalpokal und K\u00e4rntencup.<\/p><p style=\"text-align: center; padding-left: 40px;\"><strong>2017\u00a0<\/strong>Erweiterung des Hangars durch Ankauf eines 2. Lagercontainers<\/p><p style=\"text-align: center; padding-left: 40px;\">Durchf\u00fchrung des 1. RC-SF Segelflugbewerbes zur<\/p><p style=\"text-align: center; padding-left: 40px;\">K\u00e4rntner Landesmeisterschaft. im Juli ist unser langj\u00e4hriges Mitglied , Herr Reichel Hartwig im Alter von 79 Jahren verstorben.<\/p><p style=\"text-align: center; padding-left: 40px;\">Anl\u00e4sslich des 60 j\u00e4hrigen Bestehns des Vereines, fand im Kulturhaus Feistritz Drau eine 4 t\u00e4gige Modellbauaustellung statt.<\/p><p style=\"text-align: center; padding-left: 40px;\"><strong>2018<\/strong>\u00a0Durchf\u00fchrung des 2.RC-SF Segelflugbewerbes zur K\u00e4rntner Landesmeisterschaft. Die Vereinsmeisterschaft wurde erstmals von einem jugendlichen gewonnen: Ricardo Raffelsberger<\/p><p style=\"text-align: center; padding-left: 40px;\">Flugh\u00f6he 300 m wurde von AustroControll erteilt.<\/p><p style=\"text-align: center; padding-left: 40px;\"><strong>2019<\/strong>\u00a0 Erweiterung des Hangars auf einen 3. Lagercontainer. Durchf\u00fchrung der 1. RC-H2\u00a0Landesmeisterschaft am Insberg.<\/p><p style=\"text-align: center; padding-left: 40px;\">Im J\u00e4nner ist unser langj\u00e4hriges Mitglied Herr Gruber Edi im Alter von 72 Jahren unerwartet verstorben.<\/p><p style=\"text-align: center; padding-left: 40px;\"><strong>2020<\/strong>\u00a0 Erweiterung der PV-Anlage, Erneuerung und Erweiterung der 12V und 220V Anlage. Einebnen der Piste und Erweiterung um 3m in der Breite.<\/p><p style=\"text-align: center; padding-left: 40px;\"><strong>2022 <\/strong>Dach erneuert auf Wohnzimmer, Edelstahlgriller angeschafft und neue Heizkanone eingebaut. 2x Schulvorf\u00fchrungen abgehalten.<\/p><p style=\"text-align: center; padding-left: 40px;\"><strong>2023 <\/strong>Materialcontainer f\u00fcr Rasenm\u00e4hertraktor angekauft.\u00a0Nach Absprache mit dem Eigent\u00fcmer, Mag. Mitterer wird 2024 ein neuer Mietvertrag zu besseren Bedingungen ( g\u00fcnstiger ) abgeschlossen mit 10 Jahren Laufzeit.<\/p><p style=\"text-align: center; padding-left: 40px;\"><strong>2024<\/strong> Neuer Mietvertrag mit Mag. Mitterer wurde nach l\u00e4ngeren Verhandlungen mit besseren Konditionen abgeschlossen, auf 10 Jahre! Dach auf Rasentraktor-Garage wurde gebaut und das Yak-Seitenleitwerk dort neu draufgestellt. Vertrag f\u00fcr 2.Piste wurde nicht mehr verl\u00e4ngert.<\/p><p style=\"text-align: center; padding-left: 40px;\"><strong>2025<\/strong> Neue PV-Batterien wurden angeschafft und profesionell angeschlossen mit Vorsicherungen und starken Kabeln.<\/p><p style=\"text-align: center; padding-left: 40px;\">2 neue Anrichtetische f\u00fcr Modelle wurden aufgebaut.<\/p><p style=\"text-align: center;\"><strong>2026\u00a0<\/strong> Im J\u00e4nner ist unser langj\u00e4hriges Vereinsmitglied\u00a0 Herr Willi Nageler im Alter von 86 Jahren verstorben.\u00a0\u00a0<\/p><p style=\"font-weight: 400;\"><strong>Obm\u00e4nner der MFGF<\/strong><\/p><p style=\"font-weight: 400;\"><strong>1958 -1970<\/strong>\u00a0Ing. Nachbargauer Karl<\/p><p style=\"font-weight: 400;\"><strong>1971 -1975<\/strong>\u00a0Taxer Fritz<\/p><p style=\"font-weight: 400;\"><strong>1976 -1980<\/strong>\u00a0Taxer Walter<\/p><p style=\"font-weight: 400;\"><strong>1981 -1983<\/strong>\u00a0Reichel Hartwig<\/p><p style=\"font-weight: 400;\"><strong>1984 -1987<\/strong>\u00a0Ing. Ebner Albert<\/p><p style=\"font-weight: 400;\"><strong>1988 -2005<\/strong>\u00a0Schwager Heinz<\/p><p style=\"font-weight: 400;\"><strong>2006 -2007<\/strong>\u00a0H\u00fcttenbrenner Robert<\/p><p style=\"font-weight: 400;\"><strong>2007 &#8211; dato<\/strong>\u00a0Campidell Edmund\u00a0<\/p>\t\t\t\t\t\t\t\t<\/div>\n\t\t\t\t<\/div>\n\t\t\t\t\t<\/div>\n\t\t<\/div>\n\t\t\t\t\t<\/div>\n\t\t<\/section>\n\t\t\t\t<\/div>\n\t\t","protected":false},"excerpt":{"rendered":"<p>Chronik\u00a0\u00a0der\u00a0\u00a0Modellfluggruppe Feistritz\/Drau Gegr\u00fcndet im Jahre 1958 von den ersten Feistritzer Modellfliegern Taxer Fritz, Freudenberger Gustl, Nachbargauer Karl und Riepl Ernst. 1968\u00a0Aufbau der Jugendgruppe f\u00fcr Freiflug 1971\u00a0eigener Modellflugplatz angemietet auf heutigem Areal 1978\u00a0Anmeldung beim OEMV mit ca. 10 Mitgliedern. Obmann war Taxer Fritz.Zu dieser Zeit wurden bereits erfolgreich nationale Wettbewerbe geflogen. 1982\u00a0Modellbauausstellung im Gemeinschaftshaus Feistritz \/ &#8230; <a title=\"Chronik\" class=\"read-more\" href=\"https:\/\/www.mfgf.at\/NewMfgf\/chronik\/\" aria-label=\"Mehr Informationen \u00fcber Chronik\">Weiterlesen<\/a><\/p>\n","protected":false},"author":1,"featured_media":0,"parent":0,"menu_order":0,"comment_status":"closed","ping_status":"closed","template":"","meta":{"footnotes":""},"class_list":["post-923","page","type-page","status-publish"],"_links":{"self":[{"href":"https:\/\/www.mfgf.at\/NewMfgf\/wp-json\/wp\/v2\/pages\/923","targetHints":{"allow":["GET"]}}],"collection":[{"href":"https:\/\/www.mfgf.at\/NewMfgf\/wp-json\/wp\/v2\/pages"}],"about":[{"href":"https:\/\/www.mfgf.at\/NewMfgf\/wp-json\/wp\/v2\/types\/page"}],"author":[{"embeddable":true,"href":"https:\/\/www.mfgf.at\/NewMfgf\/wp-json\/wp\/v2\/users\/1"}],"replies":[{"embeddable":true,"href":"https:\/\/www.mfgf.at\/NewMfgf\/wp-json\/wp\/v2\/comments?post=923"}],"version-history":[{"count":29,"href":"https:\/\/www.mfgf.at\/NewMfgf\/wp-json\/wp\/v2\/pages\/923\/revisions"}],"predecessor-version":[{"id":3945,"href":"https:\/\/www.mfgf.at\/NewMfgf\/wp-json\/wp\/v2\/pages\/923\/revisions\/3945"}],"wp:attachment":[{"href":"https:\/\/www.mfgf.at\/NewMfgf\/wp-json\/wp\/v2\/media?parent=923"}],"curies":[{"name":"wp","href":"https:\/\/api.w.org\/{rel}","templated":true}]}}